-11400141
In base 13, what is -3 - -6c2?
6bc
In base 11, what is 15330 - 74?
15267
In base 13, what is 116 - -333?
449
In base 8, what is -2575 + -2?
-2577
In base 5, what is -2200241031 + -4?
-2200241040
In base 15, what is -b - -2a94?
2a88
In base 9, what is -11102 + -118?
-11221
In base 11, what is -18 - -158aa9?
158a91
In base 13, what is -8259 + -3?
-825c
In base 7, what is -50 + -41561?
-41641
In base 15, what is 2428 - 1a?
240d
In base 16, what is 0 - 18cd3?
-18cd3
In base 11, what is 40438 + -1?
40437
In base 3, what is -10211021 + 1?
-10211020
In base 3, what is -122021022011 - 120?
-122021022201
In base 16, what is 2e4 - c?
2d8
In base 2, what is -11010100000 + -1101110?
-11100001110
In base 6, what is 2125 + -11?
2114
In base 2, what is 10001011011111011001 - 11?
10001011011111010110
In base 9, what is -11818 + 30?
-11778
In base 14, what is -5 + 473ad?
473a8
In base 10, what is 112320 - -2?
112322
In base 4, what is 2 + 3133323?
3133331
In base 7, what is 243120 + -11?
243106
In base 16, what is -236e + -64?
-23d2
In base 16, what is -9 - -3166?
315d
In base 6, what is -25315523 - 1?
-25315524
In base 15, what is -3 + -2ba62?
-2ba65
In base 11, what is -6513 + -4?
-6517
In base 2, what is -11010011111 + 11111010111?
100111000
In base 3, what is 2 + -2101010002121?
-2101010002112
In base 2, what is -11000 - -10001001100110?
10001001001110
In base 2, what is 11010010111 - -110001?
11011001000
In base 12, what is -1a45 + -b?
-1a54
In base 15, what is 5 + -63b8?
-63b3
In base 5, what is 11130 - -41?
11221
In base 5, what is -23432 + -4400?
-33332
In base 9, what is -370 + 23?
-346
In base 8, what is -162211 + 0?
-162211
In base 4, what is -30 + 212022?
211332
In base 2, what is 0 + -10010110110010010?
-10010110110010010
In base 6, what is 105 + 3125?
3234
In base 8, what is -427 - -255?
-152
In base 16, what is a391b - -7?
a3922
In base 5, what is 213040 + 1033?
214123
In base 8, what is 3771 + 1123?
5114
In base 16, what is 4c7e7 + -4?
4c7e3
In base 4, what is -3210 - 13323?
-23133
In base 11, what is 7 + -437aa?
-437a3
In base 10, what is 5 + -6883?
-6878
In base 6, what is -344 - 224340?
-225124
In base 15, what is -5 + -2a3cc?
-2a3d2
In base 15, what is 105e42 + -2?
105e40
In base 8, what is 1357 + 2?
1361
In base 6, what is 3555151 + -11?
3555140
In base 4, what is 303 + 301213?
302122
In base 12, what is -4 + 42773?
4276b
In base 8, what is -3 - -242627?
242624
In base 3, what is -1 - 2010002222010?
-2010002222011
In base 7, what is 650 + -645?
2
In base 2, what is 100011100 - -1011000001?
1111011101
In base 9, what is 4242 + 1?
4243
In base 10, what is -2268 + -146?
-2414
In base 9, what is -7 - -164852?
164844
In base 10, what is 2 + -203870?
-203868
In base 15, what is 176 - -15?
18b
In base 2, what is 1111011101 - 1010011110?
100111111
In base 11, what is -3 + -10a00?
-10a03
In base 2, what is -1001111001 - 1001110101?
-10011101110
In base 16, what is -2797b + 4?
-27977
In base 14, what is 26 - -240c1?
24107
In base 10, what is -2548 + -31?
-2579
In base 9, what is -47358 - 3?
-47362
In base 8, what is -273166 - 3?
-273171
In base 7, what is -3 + 1015211?
1015205
In base 4, what is -1212000 + 22?
-1211312
In base 4, what is -1133121 + 2331?
-1130130
In base 6, what is -4025012 - 0?
-4025012
In base 12, what is 2ab - 425?
-136
In base 2, what is -11110101 - -1111011?
-1111010
In base 13, what is -301 - -160?
-171
In base 15, what is -1 - 15882?
-15883
In base 16, what is -226dd + 12?
-226cb
In base 12, what is 31b1 + 9?
31ba
In base 13, what is 3c8 + 27?
422
In base 6, what is 353440 + 4?
353444
In base 5, what is -2 - 1424431?
-1424433
In base 15, what is -320e79 - 5?
-320e7e
In base 5, what is 3313132 - 12?
3313120
In base 5, what is -14 - 42240?
-42304
In base 10, what is 126320 + -5?
126315
In base 9, what is -7516 - -13?
-7503
In base 15, what is 5ad - 8?
5a5
In base 9, what is 7 + -655761?
-655753
In base 2, what is -10100111000101001 + 1?
-10100111000101000
In base 12, what is 0 + 41661a?
41661a
In base 4, what is -221 + -2330?
-3211
In base 14, what is 1b + a70?
a8b
In base 5, what is 141 - -1242323?
1243014
In base 6, what is 550 + -1341?
-351
In base 11, what is -4430 - 7?
-4437
In base 9, what is -8075 + 53?
-8022
In base 7, what is -23 + 2031?
2005
In base 11, what is 1198718 - 1?
1198717
In base 3, what is -101012 - 122?
-101211
In base 7, what is 2423054 - 3?
2423051
In base 12, what is 1b1 + -37?
176
In base 3, what is -222 + 201111?
200112
In base 9, what is 2423647 - -4?
2423652
In base 4, what is -10 - 103102?
-103112
In base 5, what is 23 - 1440442?
-1440414
In base 10, what is 53876 + -5?
53871
In base 6, what is -3 + -511053?
-511100
In base 15, what is -14 - -40a7?
4093
In base 11, what is -4 + -10a1?
-10a5
In base 14, what is -1055 - 17?
-106c
In base 11, what is -3 - 1aa03?
-1aa06
In base 12, what is 2 + 23785?
23787
In base 11, what is 24a961 - 5?
24a957
In base 4, what is 2 + 1022023032?
1022023100
In base 7, what is -140513 - 3?
-140516
In base 10, what is 6 - -14754?
14760
In base 6, what is 2234014 + 3?
2234021
In base 2, what is -1100010101 + 10010?
-1100000011
In base 6, what is 1554224 + 4?
1554232
In base 7, what is -126333 + 0?
-126333
In base 7, what is -156055 - -222?
-155533
In base 7, what is 611 + -243?
335
In base 7, what is -3 + 1563010?
1563004
In base 14, what is -305 + -33?
-338
In base 10, what is 9 - 208?
-199
In base 7, what is 13252 + -2625?
10324
In base 9, what is -6185 - -11?
-6174
In base 13, what is -15826 - 2?
-15828
In base 10, what is -2 + -48459?
-48461
In base 16, what is -fd2 + -6?
-fd8
In base 12, what is -64831a + -2?
-648320
In base 15, what is 19777 - 4?
19773
In base 13, what is 13 + 530?
543
In base 10, what is 476696 + -1?
476695
In base 9, what is -277232 - 10?
-277242
In base 7, what is -404146 - 5?
-404154
In base 16, what is -17 + -1a1?
-1b8
In base 14, what is -1207 - 45?
-124c
In base 12, what is 1 - 26a89?
-26a88
In base 13, what is -4222 - 0?
-4222
In base 13, what is 3a140 + 0?
3a140
In base 8, what is -2321572 - 2?
-2321574
In base 6, what is -4 - -200422?
200414
In base 2, what is -10 + -1001110100110000?
-1001110100110010
In base 5, what is -1434 - 10413?
-12402
In base 4, what is 300000 + -1?
233333
In base 9, what is 52 + -3181?
-3128
In base 4, what is -2 - 312211?
-312213
In base 4, what is -23200111 + 11?
-23200100
In base 13, what is 1885a - 0?
1885a
In base 3, what is 10000101 - -211021?
10211122
In base 13, what is -5722c2 - 0?
-5722c2
In base 9, what is -4211 + -6?
-4217
In base 8, what is 36513 - 35?
36456
In base 4, what is 110313012 - -1?
110313013
In base 5, what is 2114 + 10131?
12300
In base 5, what is 21202043 - -10?
21202103
In base 16, what is c59 - -5d?
cb6
In base 2, what is -1001010011000110101 - 100?
-1001010011000111001
In base 13, what is -26 - -178cc?
178a6
In base 13, what is -ab - 11?
-bc
In base 12, what is 2 + -25407?
-25405
In base 12, what is 145 - -317?
460
In base 15, what is 1 + 1ac52?
1ac53
In base 15, what is -1 + -589?
-58a
In base 4, what is -13022 - -202?
-12220
In base 15, what is -1e - 4014e?
-4016d
In base 7, what is 53 + 1534?
1620
In base 13, what is -3ba6c - 5?
-3ba74
In base 4, what is 21323030 - 0?
21323030
In base 4, what is -202000 - 10113?
-212113
In base 9, what is 400878 + -4?
400874
In base 4, what is 303122 - 101222?
201300
In base 5, what is 1 + 201442?
201443
In base 6, what is 423400 + -234?
423122
In base 3, what is -11110001011 + 2?
-11110001002
In base 11, what is -1a951 + -239?
-2008a
In base 8, what is -50 - 3325?
-3375
In base 15, what is 152 - c6?
7b
In base 8, what is -15343 + 63?
-15260
In base 8, what is 31163 + -3?
31160
In base 9, what is -778 - -37?
-741
In base 10, what is 220525 + -5?
220520
In base 16, what is 0 + -4e2a2?
-4e2a2
In base 7, what is 210 - -1455?
1665
In base 15, what is -2 - 12d2?
-12d4
In base 15, what is 5 + 1d515?
1d51a
In base 3, what is -12200011011 - 12?
-12200011100
In base 13, what is 13a - -26ba?
2827
In base 8, what is 436 + 464?
1122
In base 11, what is 22661 + -30?
22631
In base 13, what is -aa12 + 3?
-aa0c
In base 16, what is 0 + 650c?
650c
In base 12, what is -2 - 1b1a2b?
-1b1a31
In base 15, what is -159b + -7?
-15a3
In base 3, what is 102220011